6. List the prime factors of h(-61).
3, 17, 211
Let t(o) = -2*o**2 - 20*o + 33. Let p be t(-10). What are the prime factors of (-303712)/(-352) - (-6)/p?
863
Let q(p) = 32750*p + 5246. What are the prime factors of q(2)?
2, 3, 13, 907
Let f(p) = -4053*p - 114. List the prime factors of f(-2).
2, 3, 37
Suppose -36 = -i + 535. Suppose -4*m + i = -v, -8*v + 5*v = -15. Suppose m = p - 22. List the prime factors of p.
2, 83
Suppose 4*k = -2*j + k + 707, 2*k = j - 357. List the prime factors of (j/213)/(10/756).
2, 3, 7
Let a(h) = h**2 - 23*h - 43. Let b be a(25). Suppose -1056 = -b*v + 4075. List the prime factors of v.
733
Suppose o = 3*z + 54849, 2*o + 2*z - 105559 - 4155 = 0. What are the prime factors of o?
3, 5, 23, 53
Let a(z) = 4*z**3 + z**2 + z + 1. Let p be a(-2). Let r(m) = m**3 + 32*m**2 + 67*m - 38. List the prime factors of r(p).
2, 271
Let h = 2 + -4. Let a be (h/3 - 0)/((-26)/2301). Let q = 138 - a. What are the prime factors of q?
79
Let z(r) = 8*r + 2 + 11*r**2 + 6*r**2 + 48*r**3 - 46*r**3. Let u be z(-8). Suppose u*m - 128 = v, 2*v + v = 0. What are the prime factors of m?
2
Suppose -14*s + 1500807 = 198*s + 55*s. List the prime factors of s.
7, 11, 73
Suppose -5*j = -7*j + 4. Suppose 4*m - q = 1187, -2*m - j*q + 882 = m. List the prime factors of m.
2, 37
Suppose 3665 + 10795 = 20*r. Let a = r - 259. What are the prime factors of a?
2, 29
Let y(z) = -1776*z + 9234. List the prime factors of y(-28).
2, 3, 31, 317
Let y(q) = -35*q**3 - 6*q**2 - 13*q - 15. Let l be y(-6). Suppose 24*s - l = 4953. List the prime factors of s.
5, 103
Let t(b) = -b**3 + 16*b**2 - 6*b + 12. Let s be (-16)/((-235)/60 - -4). Let i be s/42 - -5 - 204/(-14). What are the prime factors of t(i)?
3, 7
Let q be -2*2*1/2. Let k(j) be the third derivative of 7*j**5/20 + 5*j**4/24 - 2*j**3/3 + 7*j**2. List the prime factors of k(q).
2, 5, 7
Let b(v) = -17*v + 36. Let y be b(-7). Let w = 409 - y. What are the prime factors of w?
2, 127
List the prime factors of (-12302649)/(-452) + (-5)/20.
2, 31, 439
Let n(m) = 2*m**3 - 4*m**2 - 10*m - 9. Let v be n(5). Suppose 0 = -3*g + 6*g + 5*f - v, -5*g - 2*f = -177. List the prime factors of g.
37
Let w(s) = 14*s + 3695. List the prime factors of w(0).
5, 739
Let z = -198 - -300. Suppose -40 = -q + z. Suppose 0 = -5*u + q + 118. List the prime factors of u.
2, 13
Let f(v) = -v**3 - v**2 + 4*v - 1. Let g be f(3). Let k(n) = 3*n**2 + 10*n + 4. Let a be k(-8). Let t = g + a. What are the prime factors of t?
7, 13
Let v = -646 + 703. List the prime factors of (v - 55)/((-4)/(-2182)).
1091
Let z(s) = -115*s**2 - 8*s + 29. Let h(r) = 748*r**2 + 52*r - 188. Let p(w) = 5*h(w) + 32*z(w). Let n be p(2). Let l = n + -65. List the prime factors of l.
3, 19
Suppose -9*v = -3*s - 5*v + 17, -s + 5*v = -13. Suppose 0*p = -f + 3*p + 1, -17 = -5*f + s*p. What are the prime factors of f?
2
Let p = 61 - 49. Let x(g) = 2*g**2 - g - 15. Let u be x(p). Suppose -5*h - 2*n = -483, u = 3*h - n - 20. List the prime factors of h.
5, 19
Let p = -198 + 397. Let r = p + -166. What are the prime factors of r?
3, 11
Let v(j) = 28*j**2 - 8*j - 6. Let u = 41 - 37. Let k(c) = -29*c**2 + 9*c + 6. Let i(t) = u*k(t) + 5*v(t). List the prime factors of i(-2).
2, 7
Let p = 19335 - 12138. What are the prime factors of p?
3, 2399
Suppose 43*o + 5*o = -87*o + 142155. List the prime factors of o.
3, 13
Suppose 42538 = 7*s + 10457. List the prime factors of s.
4583
Let v be -6 - (858/(-27) + 0 - (-12)/(-54)). Suppose -d = 4*d + 120. Let i = d + v. What are the prime factors of i?
2
Let o(x) = -1 + 5*x + 7*x**2 + 4*x**2 + 3*x - 7*x. Let z(k) = k**3 + 9*k**2 - k - 11. Let g be z(-9). List the prime factors of o(g).
41
Suppose -3*o = 3*n - 52914, n - 8888 - 8742 = 3*o. List the prime factors of n.
2, 4409
Let u be (1*(-28)/8)/(5/110). Let v = u - -82. Suppose k = -5*a + 316, -4*a + 256 = -k + v*k. List the prime factors of a.
3, 7
List the prime factors of 90/(-1575) - (-1674894)/70.
71, 337
Let x be 585/26*4/10. Suppose 0 = -x*a + 5949 + 5616. What are the prime factors of a?
5, 257
What are the prime factors of 15/((-90)/(-15783))*(-2)/(-1)?
5261
Let s(o) = 4*o - 2*o - 46 + 36. Let h be s(3). What are the prime factors of 4/6 + (1884/(-9))/h?
53
Suppose -z + 3984 = 4*l, -6*l - 3*z = -9*l + 2988. Suppose -l = -4*m - 2*m. What are the prime factors of m?
2, 83
Let h be (-2)/(-8) + (-882)/(-56). Suppose 10*y = h*y - 2928. What are the prime factors of y?
2, 61
Let d be (25 + -22 + 1374/5)*5. Let l = 2058 - d. List the prime factors of l.
3, 223
Let w = 40 - 51. Let t = 144 - w. Suppose 2*n - 5*g + 4*g = 59, 5*n = 5*g + t. List the prime factors of n.
2, 7
Let f(n) = -6 + 10*n + n**2 - 2 + 1. Let v(t) = 14*t**3 + 32*t**2 + 7*t + 2. Let x be v(-2). List the prime factors of f(x).
7
Let b = 52 + -52. Let a be 40/(-80)*(-12 + b + 0). Suppose a*d - d = 255. What are the prime factors of d?
3, 17
Let j = -179 + 5051. Suppose 2*n + 2*i = -2*i + 2454, -4*n + i + j = 0. What are the prime factors of n?
23, 53
Let i = 2803 - -5755. What are the prime factors of i?
2, 11, 389
Let n = -933 - -5551. List the prime factors of n.
2, 2309
Suppose 2*v + 106 + 176 = 0. Let f = v + 1187. List the prime factors of f.
2, 523
Let v be (5469/2)/((-6)/24). Let a be (-40)/140 + (v/(-14) - -1). Suppose -a + 262 = -4*m. List the prime factors of m.
2, 5, 13
Suppose -4*w + 125 - 317 = 0. Let v be (-7203)/(-18) - 4/w*-2. Suppose -j = m - 109, -j + v = 3*j - 5*m. What are the prime factors of j?
3, 5, 7
Suppose -69 = -5*b - 2*w, 0 = -b + 3*b + 2*w - 24. Suppose -3*f + b*f = 10716. What are the prime factors of f?
19, 47
Suppose -19430 = 32*c - 570630. Suppose u = -12*u + c. What are the prime factors of u?
5, 53
Suppose 68*s - 165804 = 194564 + 272100. What are the prime factors of s?
71, 131
Let o(i) = 2*i**2 - 4*i + 6. Let r be o(2). Suppose -r = -j + 5*s, 0*j - s - 6 = j. Let f(l) = -20*l - 32. List the prime factors of f(j).
2, 3
Let r(z) = z - 15. Let p be r(15). Let g(v) = v**3 + v**2 + 8. Let b be g(p). Let d = b + 46. What are the prime factors of d?
2, 3
Let m = 118 + -104. What are the prime factors of 1 + 325 + m + -20?
2, 5
Let c be (-1 + 440)*(-2 + 9/9). Let z = 793 + c. List the prime factors of z.
2, 3, 59
Let b = 43209 + -30246. What are the prime factors of b?
3, 29, 149
Let i(l) = 2195*l**2 + 2*l. What are the prime factors of i(-2)?
2, 1097
Suppose -y - 13 = -15. List the prime factors of y*(-2 - (-1701)/6).
563
Let s(w) = 2379*w**2 + 4*w - 19. What are the prime factors of s(-3)?
2, 5, 1069
Let a(o) = -57*o + 6694. What are the prime factors of a(33)?
4813
Let q = -26 + 35. Let y(z) = z**3 - 7*z**2 + z - 3. Let u be y(q). Suppose 4*w = -u + 616. What are the prime factors of w?
2, 7
What are the prime factors of (12 - 3090/45)*-804?
2, 5, 17, 67
Let y be 1 + (0 + -3 + 2 - -3). Suppose 1 = -5*c + 11, y*v - 1541 = 2*c. What are the prime factors of v?
5, 103
Suppose 2*f - 1 = 5. Let l be -1 - (1/2*4 + f). List the prime factors of l/(-10) - (-243)/45.
2, 3
Let y(v) = 44 + 6*v + 16 + 12. List the prime factors of y(8).
2, 3, 5
Let v(c) = -c**3 - 30*c**2 - 78*c + 80. List the prime factors of v(-36).
2, 31, 43
Suppose -3*j + 15855 = -5*w, -3*j - 3*w = 271 - 16126. Suppose 4*m + j = 5*p, -2*m = -p + 3236 - 595. What are the prime factors of m/70*7*-1?
2, 3, 11
What are the prime factors of -185*(819/(-35) + 11)?
2, 31, 37
Let r(o) = 9*o**2 - 89*o + 1234. List the prime factors of r(43).
2, 439
Suppose 0 = -5*w, 3*w - 4 = -p + w. Suppose 5*u = 5*g - 2545, -p*g + 1644 = -u - 386. What are the prime factors of g?
3, 13
Suppose 61*d - 78*d = -423453. List the prime factors of d.
3, 19, 23
Suppose -3*a + 8*u + 153580 = 10*u, 0 = a + 3*u - 51198. List the prime factors of a.
2, 3, 79
Suppose 5*y = -4*h + 2498, 0*h - h = y - 500. Let m = -333 + y. Suppose 3*p - 84 = m. What are the prime factors of p?
83
Suppose -8*u = w - 10*u - 5, 3*w - 2*u = 35. Suppose 4*f + 8085 = w*f. List the prime factors of f.
3, 5, 7
Suppose 0 = -4*g + 2*b + 151393 + 82611, -234016 = -4*g + 5*b. List the prime factors of g.
7, 61, 137
Let j(h) = 2*h**2 - 37*h + 26. Let d be j(17). Let r(g) = g**2 + 7*g + 118. What are the prime factors of r(d)?
2, 71
Suppose 0 = -a + 5*x + 25, 5*x = -3*a + 92 + 63. Suppose 3*l - 4